 g*s, -3 = -3*d. Suppose -261 = -3*p + 3*b, -5*b = 2*p - s*b - 169. List the prime factors of p.
2, 43
Suppose 3*p = -2*h - 5891 + 25489, -3*p = 5*h - 48968. List the prime factors of h.
2, 5, 11, 89
Suppose 4782 = 6*i + 1398. Let u = i + -81. List the prime factors of u.
3, 7, 23
Suppose 16*r = 15*r + 3. Suppose 2*d - t - 40 = -r*t, 4*t + 56 = 4*d. Suppose 5*f = 27 - d. List the prime factors of f.
2
Suppose -30*f = -35*f - 285. Let l = 639 + f. List the prime factors of l.
2, 3, 97
Suppose 0 = -3*x + 5*x + 15524. Let j be 48/(-216) + (x/18)/(-1). Suppose r = -m + 79, -4*m - j = 3*r - 8*r. What are the prime factors of r?
83
Let z = -1436 + 752. Let i = z + 1080. List the prime factors of i.
2, 3, 11
Let d = 1424 + -770. Let o = d - 334. What are the prime factors of o?
2, 5
Let o(g) = 56*g**2 + 18*g - 161. List the prime factors of o(7).
3, 7, 43
What are the prime factors of (-18)/(-171) - (-7974652)/266?
2, 5, 1499
Let a(c) = -c**3 + 4*c**2 - c - 165. Let k be a(0). What are the prime factors of 212/3 - (-44)/k*-5?
2, 3
Let g(k) = k**3 + 31*k**2 - 19*k + 418. Let h be g(-32). Suppose 2*v = 128 - 24. Suppose -v = -h*y + 18. What are the prime factors of y?
5, 7
Let h(w) = 407*w + 627. What are the prime factors of h(6)?
3, 11, 31
Let d be 13 + -19 + (-1 - -20). Let p(z) = -z**3 + 19*z**2 + 4*z - 69. What are the prime factors of p(d)?
997
Let u be -7 + (-4 + 100)/8. Suppose 5*w - 3712 = w - u*q, -2785 = -3*w - 4*q. List the prime factors of w.
13, 71
Let d(j) = 7*j**3 + 2*j**2 - 2*j. Let f be d(-2). Let s = f - 4. Let o = 73 + s. What are the prime factors of o?
5
Suppose 104*q = -9*q - 155*q + 1674732. What are the prime factors of q?
3, 2083
Suppose 0 = 3*k + 3*n - 5*n + 10, 3*k - n + 11 = 0. Let b be k/12*1*0. Suppose 240 = -b*y + 3*y. List the prime factors of y.
2, 5
What are the prime factors of 11 + -4 + -17 + 16635?
5, 7, 19
Let u(x) = 1 + 155*x**2 + 11*x - 295*x**2 + 149*x**2. List the prime factors of u(6).
17, 23
Let l(t) = 3*t**2 + 8*t - 3. Let w be l(-3). Suppose 16*q - 11*q - 2915 = w. List the prime factors of q.
11, 53
Let y be (-1216)/(-48) - 12/9. Suppose -29*m = -y*m + 10, 972 = 4*t + 4*m. List the prime factors of t.
5, 7
List the prime factors of (-65 - -43395) + (0 - -1 - 8).
3, 7, 2063
Suppose c + 115 - 40 = 0. Let k be (245/(-3))/(25/c). Suppose -2*a = 29 - k. What are the prime factors of a?
2, 3
Suppose 2*z + 4*u - 13 = -9, 4*z + 5*u - 8 = 0. List the prime factors of 1041*(4 - (1 + 4 - z)).
3, 347
Let f be 9/(-15) + (-54)/(-15). Suppose x - z = f*x + 87, 4*x - z + 183 = 0. List the prime factors of (58/5)/((-18)/x).
29
Let d(w) = -w**3 + 27*w**2 + 55*w - 49. Suppose 5*u = -2*y - 21 + 92, -5*y = 2*u - 146. List the prime factors of d(y).
7, 101
Suppose 5*j = 25, -3*u - j + 682 = 218. Let y = 75 + u. What are the prime factors of y?
2, 3, 19
Let m be ((-30)/9)/(-10)*0. List the prime factors of (0 - m - -65)*(-52)/(-13).
2, 5, 13
Suppose -13*b + 239943 - 9390 = -50351. List the prime factors of b.
2, 37, 73
Let b(r) be the third derivative of r**6/120 - 7*r**5/60 - 23*r**4/24 + 9*r**3/2 - r**2 - 29. What are the prime factors of b(12)?
3, 157
Let b = 27341 - 8869. List the prime factors of b.
2, 2309
Let m(c) = 2242*c + 7665. What are the prime factors of m(15)?
3, 5, 2753
Suppose 7 = 2*u - f, -4*u = -u + 2*f - 21. What are the prime factors of (1*(-10)/u)/((-6)/1509)?
503
Suppose 0 = 4*u - 7*u - 2046. Let p = -453 - u. Suppose 6*t - p - 23 = 0. What are the prime factors of t?
2, 3, 7
Suppose -c - 3*q + 949 = 0, -3*c - 2*q - 2*q + 2832 = 0. What are the prime factors of c?
2, 5, 47
Let c be (-1)/(-1 + 0) + -2 + 18. Suppose 12*p - c*p = -35. What are the prime factors of -7*((-8)/(-3 + p) + -3)?
5, 7
What are the prime factors of (385/(-22) + 15)*(2 - 0) + 56355?
2, 5, 7, 23
Suppose -154*w + 1675758 = -103*w. List the prime factors of w.
2, 7, 2347
Suppose 4*p = 4*m - 21608, 14*p = -4*m + 13*p + 21618. List the prime factors of m.
2, 7, 193
Let k(v) = 33*v**2 + 4*v + 21. Let h be k(-5). Suppose n - 4*u - 832 = -4*n, 2*u = 5*n - h. What are the prime factors of n?
2, 41
Let i(j) = 53*j**2 - 29*j + 72. List the prime factors of i(15).
2, 3, 41, 47
Suppose 23*z = 65 + 4. Suppose -2*n - 402 = -2*s, 5*s = 6*s + z*n - 221. List the prime factors of s.
2, 103
What are the prime factors of (-40)/(-15)*-4054*-3?
2, 2027
Suppose 148*q = 138*q + 30. Suppose 5*u = -3*y + q*u + 3469, 2*y - 2320 = -5*u. What are the prime factors of y?
3, 5, 7, 11
What are the prime factors of ((-777004)/(-423))/((-6)/(-27))?
2, 4133
Suppose -2*l = -8, 2*o + 3*l - 1158 = 12820. What are the prime factors of o?
6983
Let z = -969 + 2024. Suppose 425 = 5*a - z. What are the prime factors of a?
2, 37
Let a be (-240)/12*(-4)/10. Let z(r) = 106*r - 76. List the prime factors of z(a).
2, 193
Let r = -1875 + 5419. What are the prime factors of r?
2, 443
Suppose 9*w - 99920 = 89188. What are the prime factors of w?
2, 3, 17, 103
Let x = -70362 - -108501. List the prime factors of x.
3, 12713
What are the prime factors of 77354*((-1)/9 + (-792)/(-1296))?
38677
Suppose 2*c - t - 172 = t, 5*t - 420 = -5*c. Suppose 4*o + 571 = -5*a, -o - 3*a = c + 49. Let g = o - -250. What are the prime factors of g?
101
Let z(r) = r**3 + 4*r - 4. Let g be z(0). Let i = g + 135. What are the prime factors of i?
131
Suppose -3*v - 37 = -5*t - 6*v, -4*v - 4 = 0. Let o be ((-819)/(-28))/(18/t + -2). Let f = o - 99. List the prime factors of f.
2, 3
Let h be ((-14)/(112/24))/(1*-1). Suppose h*a + 285 = o, 4*o - 3*o - 279 = 5*a. What are the prime factors of o?
2, 3, 7
Suppose 29802 = -21*q + 261915. List the prime factors of q.
7, 1579
Let h(c) = -c + 16. Let x be h(14). Suppose 0 = w - x*w - 2*w. Let f(a) = 2*a**2 - a + 20. List the prime factors of f(w).
2, 5
Suppose -4*w = 2*p - 83130, -270230 = -13*w + 7*p - 2*p. List the prime factors of w.
5, 4157
Let w(g) = 20*g**2 + 83*g - 82. List the prime factors of w(-20).
2, 3, 7, 149
Let q(o) = -2*o**3 - 10*o**2 - 16*o - 14. Let g = 464 + -473. List the prime factors of q(g).
2, 389
Suppose 3*s = 3*l - 42, -2 = 3*s + 7. Suppose l*x - 16*x = -1640. What are the prime factors of x?
2, 41
Let y(w) = -w**2 - 30*w - 48. Let b be y(-21). Let x = -139 + b. What are the prime factors of x?
2
Let r be 8/(-20) - (-1436)/(-10). Let k be (-2)/12 - 19/(-6) - r. Suppose -k = -3*x + 165. List the prime factors of x.
2, 13
Let z = 408 + -100. Let a = 560 - z. Suppose -6*h + 2*h = -a. What are the prime factors of h?
3, 7
Let a = 1900 + -1115. Suppose -25 = 5*c + a. Let q = -69 - c. List the prime factors of q.
3, 31
Suppose -2*a + 4*a - 104 = 0. Suppose 3*i + 100 = -5*h - 80, -3*i = -2*h + 180. Let k = a - i. List the prime factors of k.
2, 7
Suppose -6*y - 2*y + 24 = 0. Let r = 53 + -53. Suppose r = -y*b - 0*b + 129. What are the prime factors of b?
43
Let t be 0/(3 + 0/1). Let d be 1 + t + (-84)/(-2 - 2). List the prime factors of (-2106)/(-33) + 2*2/d.
2
What are the prime factors of 16/(-80) - (-3958)/(-15)*114/(-4)?
2, 5, 47
Let q be 64/(-160) + 2 + 2466/(-10). Let t = q + 458. List the prime factors of t.
3, 71
Let w(q) be the first derivative of q**3/3 - 3*q**2 + 14*q + 14. Let c be w(2). Suppose 9*g + c = 24. What are the prime factors of g?
2
Suppose 40*p + u = 41*p - 1379, 0 = -2*p + 3*u + 2766. What are the prime factors of p?
3, 457
Suppose 0 = u, 0 = 3*a - 0*u - 3*u + 12. What are the prime factors of (-968)/(-2) - 3/(-6)*a?
2, 241
Suppose 7 = -8*d + d. Let b(r) = -3*r**3 + r**2 + r - 1. Let p be b(1). What are the prime factors of p - d - (-532)/7?
3, 5
Let w(c) = -2*c - 51. Let f be w(-27). Let d be ((-2)/6)/(5/(f - 18)). Suppose d + 3 = -n, -5*k + 5*n + 240 = 0. What are the prime factors of k?
2, 11
Let o be -597 - ((-56)/(-7) - 5). List the prime factors of (12/(-15))/((-18)/o)*-15.
2, 5
List the prime factors of 39511/(504/392 + (-4)/14).
39511
Suppose 24*p = 20*p - 156. Let n = p + 55. Let k(m) = 2*m**2 - 26*m + 9. What are the prime factors of k(n)?
3, 5, 7
Let g be ((-6)/(-8))/(3/12). Let q(d) = -d**3 + 15*d**2 + 3*d - 20. Let h be q(15). List the prime factors of (4/(-6)*h)/(g/(-18)).
2, 5
Let g be (-7)/((-28)/3) - 4293/(-4). Let i = g - 436. List the prime factors of i.
2, 11, 29
Suppose b = -5*i - 2*b + 9759, 4*i = 4*